04?
18
What is the remainder when 191177 is divided by 78?
77
Calculate the remainder when 368931 is divided by 14.
3
Calculate the remainder when 13949 is divided by 16.
13
What is the remainder when 28596 is divided by 65?
61
What is the remainder when 231081 is divided by 15404?
21
Calculate the remainder when 3686 is divided by 166.
34
Calculate the remainder when 22429 is divided by 11176.
77
What is the remainder when 13479 is divided by 13475?
4
What is the remainder when 1881 is divided by 706?
469
Calculate the remainder when 203182 is divided by 262.
132
Calculate the remainder when 9957 is divided by 227.
196
Calculate the remainder when 671006 is divided by 8.
6
What is the remainder when 5517 is divided by 326?
301
What is the remainder when 842002 is divided by 157?
11
What is the remainder when 869 is divided by 821?
48
What is the remainder when 159306 is divided by 123?
21
What is the remainder when 15125 is divided by 2289?
1391
What is the remainder when 12196 is divided by 306?
262
Calculate the remainder when 115726 is divided by 57852.
22
Calculate the remainder when 29378 is divided by 66.
8
Calculate the remainder when 13433 is divided by 39.
17
What is the remainder when 455066 is divided by 32?
26
Calculate the remainder when 27924 is divided by 3098.
42
What is the remainder when 8192 is divided by 3?
2
What is the remainder when 11283 is divided by 19?
16
What is the remainder when 2201931 is divided by 31912?
3
Calculate the remainder when 1472 is divided by 338.
120
What is the remainder when 1963 is divided by 847?
269
What is the remainder when 1100 is divided by 542?
16
What is the remainder when 23920 is divided by 23911?
9
What is the remainder when 75597 is divided by 158?
73
Calculate the remainder when 8642 is divided by 452.
54
Calculate the remainder when 3285 is divided by 1083.
36
What is the remainder when 86968 is divided by 60?
28
Calculate the remainder when 13055712 is divided by 973.
971
What is the remainder when 7500 is divided by 1906?
1782
What is the remainder when 3539 is divided by 168?
11
What is the remainder when 9427 is divided by 2352?
19
What is the remainder when 150896 is divided by 843?
842
Calculate the remainder when 58225 is divided by 520.
505
What is the remainder when 115231 is divided by 11?
6
Calculate the remainder when 634 is divided by 159.
157
Calculate the remainder when 6740 is divided by 12.
8
What is the remainder when 99096 is divided by 101?
15
What is the remainder when 17117 is divided by 137?
129
What is the remainder when 30015 is divided by 130?
115
Calculate the remainder when 2622 is divided by 74.
32
Calculate the remainder when 4501 is divided by 653.
583
Calculate the remainder when 5192 is divided by 1608.
368
What is the remainder when 26859 is divided by 1172?
1075
Calculate the remainder when 2129 is divided by 198.
149
Calculate the remainder when 8582 is divided by 2110.
142
Calculate the remainder when 61042 is divided by 421.
418
What is the remainder when 49958 is divided by 138?
2
Calculate the remainder when 23032 is divided by 60.
52
What is the remainder when 1214 is divided by 543?
128
What is the remainder when 15445 is divided by 344?
309
What is the remainder when 254 is divided by 47?
19
Calculate the remainder when 2311544 is divided by 73.
72
Calculate the remainder when 64849 is divided by 157.
8
Calculate the remainder when 724 is divided by 51.
10
What is the remainder when 339 is divided by 296?
43
What is the remainder when 3062 is divided by 512?
502
Calculate the remainder when 3956 is divided by 361.
346
Calculate the remainder when 30761 is divided by 246.
11
Calculate the remainder when 21242 is divided by 256.
250
What is the remainder when 22761 is divided by 11363?
35
Calculate the remainder when 14945 is divided by 938.
875
What is the remainder when 3119 is divided by 529?
474
What is the remainder when 16311 is divided by 26?
9
What is the remainder when 953 is divided by 699?
254
Calculate the remainder when 7553 is divided by 505.
483
Calculate the remainder when 10660 is divided by 91.
13
What is the remainder when 88347 is divided by 475?
472
Calculate the remainder when 401189 is divided by 201.
194
What is the remainder when 5629 is divided by 31?
18
What is the remainder when 9627 is divided by 506?
13
What is the remainder when 30700 is divided by 794?
528
What is the remainder when 2647 is divided by 164?
23
Calculate the remainder when 8421815 is divided by 39.
38
Calculate the remainder when 9326 is divided by 11.
9
Calculate the remainder when 128417 is divided by 107.
17
What is the remainder when 4419 is divided by 129?
33
Calculate the remainder when 30378 is divided by 2559.
2229
What is the remainder when 27175 is divided by 2?
1
What is the remainder when 110773 is divided by 194?
193
What is the remainder when 970403 is divided by 838?
837
Calculate the remainder when 39491 is divided by 14.
11
Calculate the remainder when 22619 is divided by 58.
57
Calculate the remainder when 16608 is divided by 1508.
20
What is the remainder when 97869 is divided by 97?
93
Calculate the remainder when 960472 is divided by 115.
107
What is the remainder when 25529 is divided by 8507?
8
What is the remainder when 292 is divided by 90?
22
Calculate the remainder when 833 is divided by 180.
113
Calculate the remainder when 19304 is divided by 394.
392
Calculate the remainder when 852 is divided by 62.
46
Calculate the remainder when 2115 is divided by 968.
179
Calculate the remainder when 3561 is divided by 594.
591
What is the remainder when 2147 is divided by 511?
103
Calculate the remainder when 3208 is divided by 397.
32
Calculate the remainder when 7822 is divided by 306.
172
Calculate the remainder when 1459 is divided by 998.
461
Calculate the remainder when 2954 is divided by 265.
39
What is the remainder when 29782 is divided by 10?
2
Calculate the remainder when 339182 is divided by 117.
116
What is the remainder when 9542 is divided by 33?
5
What is the remainder when 9287 is divided by 12?
11
What is the remainder when 213706 is divided by 37?
31
Calculate the remainder when 3770 is divided by 43.
29
What is the remainder when 4383 is divided by 237?
117
Calculate the remainder when 14638 is divided by 10.
8
Calculate the remainder when 24869 is divided by 8223.
200
What is the remainder when 10186 is divided by 3395?
1
What is the remainder when 2318 is divided by 508?
286
What is the remainder when 33012 is divided by 195?
57
Calculate the remainder when 14643 is divided by 312.
291
What is the remainder when 387 is divided by 12?
3
Calculate the remainder when 46697 is divided by 23329.
39
What is the remainder when 184074 is divided by 208?
202
Calculate the remainder when 9502 is divided by 52.
38
Calculate the remainder when 10949 is divided by 298.
221
Calculate the remainder when 584 is divided by 129.
68
What is the remainder when 77415 is divided by 99?
96
What is the remainder when 1118671 is divided by 3?
1
Calculate the remainder when 1622 is divided by 149.
132
What is the remainder when 100421 is divided by 117?
35
What is the remainder when 14234 is divided by 2824?
114
Calculate the remainder when 820 is divided by 408.
4
What is the remainder when 17289 is divided by 98?
41
Calculate the remainder when 7656 is divided by 21.
12
Calculate the remainder when 8404 is divided by 4199.
6
What is the remainder when 18264 is divided by 823?
158
Calculate the remainder when 135670 is divided by 428.
422
Calculate the remainder when 209217 is divided by 987.
960
Calculate the remainder when 79631 is divided by 7963.
1
What is the remainder when 30092 is divided by 971?
962
What is the remainder when 15492 is divided by 13366?
2126
What is the remainder when 39983 is divided by 28?
27
What is the remainder when 3314 is divided by 12?
2
What is the remainder when 2813753 is divided by 401964?
5
Calculate the remainder when 93317 is divided by 1333.
7
Calculate the remainder when 27958 is divided by 873.
22
Calculate the remainder when 44862 is divided by 316.
306
Calculate the remainder when 82248 is divided by 27414.
6
Calculate the remainder when 8478 is divided by 84.
78
Calculate the remai